{"id":36,"date":"2020-05-31T13:03:27","date_gmt":"2020-05-31T11:03:27","guid":{"rendered":"https:\/\/bannmuehle.wholewildworld.de\/?page_id=36"},"modified":"2020-11-25T11:26:32","modified_gmt":"2020-11-25T10:26:32","slug":"kelterei","status":"publish","type":"page","link":"https:\/\/bannmuehle.wholewildworld.de\/index.php\/kelterei\/","title":{"rendered":"Kelterei"},"content":{"rendered":"\t\t<div data-elementor-type=\"wp-page\" data-elementor-id=\"36\" class=\"elementor elementor-36\">\n\t\t\t\t\t\t<section class=\"elementor-section elementor-top-section elementor-element elementor-element-24ca8f41 elementor-section-full_width elementor-section-height-default elementor-section-height-default\" data-id=\"24ca8f41\" data-element_type=\"section\" data-e-type=\"section\">\n\t\t\t\t\t\t<div class=\"elementor-container elementor-column-gap-default\">\n\t\t\t\t\t<div class=\"elementor-column elementor-col-100 elementor-top-column elementor-element elementor-element-7f4228cb\" data-id=\"7f4228cb\" data-element_type=\"column\" data-e-type=\"column\">\n\t\t\t<div class=\"elementor-widget-wrap elementor-element-populated\">\n\t\t\t\t\t\t<div class=\"elementor-element elementor-element-1e8401ce elementor-drop-cap-yes elementor-drop-cap-view-default elementor-widget elementor-widget-text-editor\" data-id=\"1e8401ce\" data-element_type=\"widget\" data-e-type=\"widget\" data-settings=\"{&quot;drop_cap&quot;:&quot;yes&quot;}\" data-widget_type=\"text-editor.default\">\n\t\t\t\t<div class=\"elementor-widget-container\">\n\t\t\t\t\t\t\t\t\t<h3><strong>Unsere Kelterei ist auch f\u00fcr Sie da!\u00a0\u00a0\u00a0<\/strong><\/h3>\n<h3><strong>Apfelannahme wieder im September 2020<\/strong><\/h3>\n<p><!-- \/wp:heading --><\/p>\n<p><!-- wp:heading {\"level\":3} --><\/p>\n<p><!-- \/wp:heading --><\/p>\n<p><!-- wp:paragraph --><\/p>\n<p>Mo.-Fr. von 17.00 &#8211; 18.30 Uhr<\/p>\n<p><!-- \/wp:paragraph --><\/p>\n<p><!-- wp:table --><\/p>\n<figure class=\"wp-block-table\">\n<table>\n<tbody>\n<tr>\n<td>Hier wird unser eigenes und Ihr Obst direkt auf dem Hof zu Saft verarbeitet. Wir f\u00fcllen Apfel- und Traubensaft ab. Ihre \u00c4pfel k\u00f6nnen Sie von Montag bis Freitag zwischen 17:00 Uhr und 18:30 Uhr sowie Sa. nach Terminvereinbarung abgeben. Es ist auch m\u00f6glich, dass Sie ihre \u00c4pfel direkt in Saft tauschen, den Sie sofort mitnehmen k\u00f6nnen.\u00a0<\/td>\n<\/tr>\n<tr>\n<td>\u00a0 <img decoding=\"async\" src=\"https:\/\/www.bannmuehle.de\/images\/stories\/bannmuehle\/59_0_0_images_stories_bannmuehle_lightbox_kelterei-01-800x544px.jpg\" alt=\"\" \/> \u00a0<\/td>\n<\/tr>\n<tr>\n<td>\u00a0In der modernen Bandapfelpresse wird das Obst gewaschen, gemust und dann schnell und schonend ausgepresst. Der Saft wird in der neuen F\u00fcllhalle pressfrisch pasteurisiert und direkt abgef\u00fcllt. Dabei gilt unser besonderes Augenmerk neben der Sauberkeit der Temperatur, die \u00fcber Geschmack, Inhaltsstoffe und Haltbarkeit entscheidet. \u00a0<\/td>\n<\/tr>\n<tr>\n<td>\u00a0 <img decoding=\"async\" src=\"https:\/\/www.bannmuehle.de\/images\/neue_bilder\/DSC_8446.JPG\" alt=\"\" \/> \u00a0<\/td>\n<\/tr>\n<\/tbody>\n<\/table>\n<\/figure>\n<p><!-- \/wp:table --><\/p>\n<p><!-- wp:paragraph --><\/p>\n<p>Wir pressen aber nicht nur unser eigenes Obst, auch Privatkunden und Betriebe k\u00f6nnen gegen Entgelt ihr Obst (\u00c4pfel, Trauben) abgeben und erhalten ihren eigenen, in Flaschen gef\u00fcllten Saft.<\/p>\n<p><!-- \/wp:paragraph --><\/p>\n<p><!-- wp:paragraph --><\/p>\n<p>Sie sind eine Streuobst &#8211; Initiative?<\/p>\n<p><!-- \/wp:paragraph --><\/p>\n<p><!-- wp:paragraph --><\/p>\n<p>Sie haben privat einige \u00c4pfel, die zu Saft verarbeitet werden sollen?<\/p>\n<p><!-- \/wp:paragraph --><\/p>\n<p><!-- wp:paragraph --><\/p>\n<p>Oder haben Sie einen landwirtschaftlichen Betrieb, der eine Produkterg\u00e4nzung Saft als Veredlung Ihrer \u00c4pfel sucht.<\/p>\n<p><!-- \/wp:paragraph --><\/p>\n<p><!-- wp:paragraph --><\/p>\n<p>Wir verarbeiten in kleinen und gr\u00f6\u00dferen Mengen, wir verarbeiten f\u00fcr biologisch wirtschaffende Betriebe und konventionelle, ganz nach Ihren W\u00fcnschen.<\/p>\n<p><!-- \/wp:paragraph --><\/p>\n<p><!-- wp:paragraph --><\/p>\n<p><strong>Wir w\u00fcrden uns freuen f\u00fcr Sie zu keltern, bitte sprechen Sie die Termine rechtzeitig ab.<\/strong><\/p>\n<p><!-- \/wp:paragraph --><\/p>\n<p><!-- wp:paragraph --><\/p>\n<p>Tel. <a href=\"http:\/\/tel:+4967551053\" target=\"_blank\" rel=\"noopener\">06755-1053<\/a><\/p>\n<p><!-- \/wp:paragraph --><\/p>\n<p><!-- wp:paragraph --><\/p>\n<p><!-- \/wp:paragraph --><\/p>\n<p><!-- wp:image --><\/p>\n<figure class=\"wp-block-image\"><img decoding=\"async\" src=\"https:\/\/www.bannmuehle.de\/images\/neue_bilder\/DSC_9186.JPG\" alt=\"\" \/><\/figure>\n<p><!-- \/wp:image --><\/p>\t\t\t\t\t\t\t\t<\/div>\n\t\t\t\t<\/div>\n\t\t\t\t\t<\/div>\n\t\t<\/div>\n\t\t\t\t\t<\/div>\n\t\t<\/section>\n\t\t\t\t<\/div>\n\t\t","protected":false},"excerpt":{"rendered":"<p>Unsere Kelterei ist auch f\u00fcr Sie da!\u00a0\u00a0\u00a0 Apfelannahme wieder im September 2020 Mo.-Fr. von 17.00 &#8211; 18.30 Uhr Hier wird unser eigenes und Ihr Obst direkt auf dem Hof zu Saft verarbeitet. Wir f\u00fcllen Apfel- und Traubensaft ab. Ihre \u00c4pfel k\u00f6nnen Sie von Montag bis Freitag zwischen 17:00 Uhr und 18:30 Uhr sowie Sa. nach &hellip; <\/p>\n<p class=\"link-more\"><a href=\"https:\/\/bannmuehle.wholewildworld.de\/index.php\/kelterei\/\" class=\"more-link\"><span class=\"screen-reader-text\">\u201eKelterei\u201c <\/span>weiterlesen<\/a><\/p>\n","protected":false},"author":1,"featured_media":0,"parent":0,"menu_order":0,"comment_status":"closed","ping_status":"closed","template":"","meta":{"footnotes":""},"class_list":["post-36","page","type-page","status-publish","hentry"],"_links":{"self":[{"href":"https:\/\/bannmuehle.wholewildworld.de\/index.php\/wp-json\/wp\/v2\/pages\/36","targetHints":{"allow":["GET"]}}],"collection":[{"href":"https:\/\/bannmuehle.wholewildworld.de\/index.php\/wp-json\/wp\/v2\/pages"}],"about":[{"href":"https:\/\/bannmuehle.wholewildworld.de\/index.php\/wp-json\/wp\/v2\/types\/page"}],"author":[{"embeddable":true,"href":"https:\/\/bannmuehle.wholewildworld.de\/index.php\/wp-json\/wp\/v2\/users\/1"}],"replies":[{"embeddable":true,"href":"https:\/\/bannmuehle.wholewildworld.de\/index.php\/wp-json\/wp\/v2\/comments?post=36"}],"version-history":[{"count":14,"href":"https:\/\/bannmuehle.wholewildworld.de\/index.php\/wp-json\/wp\/v2\/pages\/36\/revisions"}],"predecessor-version":[{"id":743,"href":"https:\/\/bannmuehle.wholewildworld.de\/index.php\/wp-json\/wp\/v2\/pages\/36\/revisions\/743"}],"wp:attachment":[{"href":"https:\/\/bannmuehle.wholewildworld.de\/index.php\/wp-json\/wp\/v2\/media?parent=36"}],"curies":[{"name":"wp","href":"https:\/\/api.w.org\/{rel}","templated":true}]}}

<div data-elementor-type="wp-page" data-elementor-id="36" class="elementor elementor-36">
						<section class="elementor-section elementor-top-section elementor-element elementor-element-24ca8f41 elementor-section-full_width elementor-section-height-default elementor-section-height-default" data-id="24ca8f41" data-element_type="section" data-e-type="section">
						<div class="elementor-container elementor-column-gap-default">
					<div class="elementor-column elementor-col-100 elementor-top-column elementor-element elementor-element-7f4228cb" data-id="7f4228cb" data-element_type="column" data-e-type="column">
			<div class="elementor-widget-wrap elementor-element-populated">
						<div class="elementor-element elementor-element-1e8401ce elementor-drop-cap-yes elementor-drop-cap-view-default elementor-widget elementor-widget-text-editor" data-id="1e8401ce" data-element_type="widget" data-e-type="widget" data-settings="{&quot;drop_cap&quot;:&quot;yes&quot;}" data-widget_type="text-editor.default">
				<div class="elementor-widget-container">
									<h3><strong>Unsere Kelterei ist auch für Sie da!   </strong></h3>
<h3><strong>Apfelannahme wieder im September 2020</strong></h3>
<p><!-- /wp:heading --></p>
<p><!-- wp:heading {"level":3} --></p>
<p><!-- /wp:heading --></p>
<p><!-- wp:paragraph --></p>
<p>Mo.-Fr. von 17.00 &#8211; 18.30 Uhr</p>
<p><!-- /wp:paragraph --></p>
<p><!-- wp:table --></p>
<figure class="wp-block-table">
<table>
<tbody>
<tr>
<td>Hier wird unser eigenes und Ihr Obst direkt auf dem Hof zu Saft verarbeitet. Wir füllen Apfel- und Traubensaft ab. Ihre Äpfel können Sie von Montag bis Freitag zwischen 17:00 Uhr und 18:30 Uhr sowie Sa. nach Terminvereinbarung abgeben. Es ist auch möglich, dass Sie ihre Äpfel direkt in Saft tauschen, den Sie sofort mitnehmen können. </td>
</tr>
<tr>
<td>  <img decoding="async" src="https://www.bannmuehle.de/images/stories/bannmuehle/59_0_0_images_stories_bannmuehle_lightbox_kelterei-01-800x544px.jpg" alt="" />  </td>
</tr>
<tr>
<td> In der modernen Bandapfelpresse wird das Obst gewaschen, gemust und dann schnell und schonend ausgepresst. Der Saft wird in der neuen Füllhalle pressfrisch pasteurisiert und direkt abgefüllt. Dabei gilt unser besonderes Augenmerk neben der Sauberkeit der Temperatur, die über Geschmack, Inhaltsstoffe und Haltbarkeit entscheidet.  </td>
</tr>
<tr>
<td>  <img decoding="async" src="https://www.bannmuehle.de/images/neue_bilder/DSC_8446.JPG" alt="" />  </td>
</tr>
</tbody>
</table>
</figure>
<p><!-- /wp:table --></p>
<p><!-- wp:paragraph --></p>
<p>Wir pressen aber nicht nur unser eigenes Obst, auch Privatkunden und Betriebe können gegen Entgelt ihr Obst (Äpfel, Trauben) abgeben und erhalten ihren eigenen, in Flaschen gefüllten Saft.</p>
<p><!-- /wp:paragraph --></p>
<p><!-- wp:paragraph --></p>
<p>Sie sind eine Streuobst &#8211; Initiative?</p>
<p><!-- /wp:paragraph --></p>
<p><!-- wp:paragraph --></p>
<p>Sie haben privat einige Äpfel, die zu Saft verarbeitet werden sollen?</p>
<p><!-- /wp:paragraph --></p>
<p><!-- wp:paragraph --></p>
<p>Oder haben Sie einen landwirtschaftlichen Betrieb, der eine Produktergänzung Saft als Veredlung Ihrer Äpfel sucht.</p>
<p><!-- /wp:paragraph --></p>
<p><!-- wp:paragraph --></p>
<p>Wir verarbeiten in kleinen und größeren Mengen, wir verarbeiten für biologisch wirtschaffende Betriebe und konventionelle, ganz nach Ihren Wünschen.</p>
<p><!-- /wp:paragraph --></p>
<p><!-- wp:paragraph --></p>
<p><strong>Wir würden uns freuen für Sie zu keltern, bitte sprechen Sie die Termine rechtzeitig ab.</strong></p>
<p><!-- /wp:paragraph --></p>
<p><!-- wp:paragraph --></p>
<p>Tel. <a href="http://tel:+4967551053" target="_blank" rel="noopener">06755-1053</a></p>
<p><!-- /wp:paragraph --></p>
<p><!-- wp:paragraph --></p>
<p><!-- /wp:paragraph --></p>
<p><!-- wp:image --></p>
<figure class="wp-block-image"><img decoding="async" src="https://www.bannmuehle.de/images/neue_bilder/DSC_9186.JPG" alt="" /></figure>
<p><!-- /wp:image --></p>								</div>
				</div>
					</div>
		</div>
					</div>
		</section>
				</div>

<p>Unsere Kelterei ist auch für Sie da!    Apfelannahme wieder im September 2020 Mo.-Fr. von 17.00 &#8211; 18.30 Uhr Hier wird unser eigenes und Ihr Obst direkt auf dem Hof zu Saft verarbeitet. Wir füllen Apfel- und Traubensaft ab. Ihre Äpfel können Sie von Montag bis Freitag zwischen 17:00 Uhr und 18:30 Uhr sowie Sa. nach &hellip; </p>
<p class="link-more"><a href="https://bannmuehle.wholewildworld.de/index.php/kelterei/" class="more-link"><span class="screen-reader-text">„Kelterei“ </span>weiterlesen</a></p>
